0
109 - (157 + 115) - -95
-68
3 + (-3 - (-22 + 11 - -7)) + 50
54
What is the value of -22 + 0 + -31 + 2 + 21?
-30
633 + -475 - (-8 - -96)
70
-13 + (49 - -29 - 83)
-18
Calculate -53 + (-48 - -15) + 42 + 42.
-2
What is the value of (123 - 3) + (-30 - (0 - 24)) - (7 + -3)?
110
Calculate -55 - (53 - 97) - (-1 + -29).
19
What is the value of 3 + (-17 - 2) + (23 + 8 - 23)?
-8
Evaluate (-49 - (35 + -17 - 36)) + (-6 + 0 - 1).
-38
What is the value of -5 - -4 - (-1 + 1) - (958 + -942)?
-17
Evaluate -261 + 74 + (-132 - -191).
-128
What is 9 + 20 - (21 + -4 + -18 - 14)?
44
Evaluate -4 + (-10 - -13) + 6 + -8.
-3
Calculate 32 - 16 - (26 - (32 - 42)).
-20
What is the value of (107 - (-68 - -46)) + -32?
97
What is 4 - 2 - (-308 + 326 + 1 + -28)?
11
Calculate (3 - 0) + 8 - (-18 + (-3 - -34)).
-2
What is 0 + 54 + (-4 - (-4 - 4)) + (2 - -5)?
65
-2 - 2 - (-13 + -2 + (128 - 113)) - 9
-13
What is the value of 48 + -1 - (3441 + -3376)?
-18
What is the value of 61 - 32 - (-82 + 13)?
98
What is the value of -11 - -10 - -49 - ((11 - 5 - 4) + 0)?
46
-6 + -24 - (6 - 15) - ((16 - 3) + -8)
-26
Calculate 16 + (-14 - -2) + (11 - 8) + 14.
21
Evaluate 1 + -23 + 2 + (-14 - (-8 + 0)).
-26
Evaluate 64 + 70 + (19 - 116).
37
Evaluate (-3 - (-95 + 4)) + (53 + -31 - 33).
77
(69 - -3) + (4 - -1 - 2) - 8 - 1
66
Evaluate -15 - -171 - (189 + 2).
-35
What is (-1 - -56) + 12 + (26 - 49)?
44
(28 - (-7 - -19)) + -9 + -4
3
What is the value of -22 + (10 - -18) + -17 - 15?
-26
What is 11 - (58 - (-34 + 51))?
-30
Calculate -50 + -117 + (-57 - -114) - (-20 + 2).
-92
What is the value of 36 + 2 + 617 + -631?
24
Evaluate 12 + (-42 - (-9 - 11) - 2) - 20.
-32
What is the value of -8 + 7 - 1 - 4 - (-5 + 6)?
-7
Calculate 14 + (2 - 3) - -2 - (642 - 602).
-25
Evaluate (2 - 3) + 5 - (-9392 + 9438).
-42
What is the value of 34 + 80 + -48 + -57?
9
What is 10 - (-6 - -16) - -27?
27
What is the value of 9 + -155 + (276 - 65)?
65
10 + -19 + (16 - 6 - 22)
-21
Evaluate -1 - ((7 - 6) + (-2 - (54 + 6) - -10)).
50
Calculate 43 + (45 + -48 - 29) - (1 + -1 + 59).
-48
What is the value of 2 + 1 + 1 + 63 + (-51 - -15 - -25)?
56
What is -12 - (19 + -13 + -23 + 16 + 11)?
-22
What is 21 + -13 + 19 + 6 + -7 + (6 - 0)?
32
What is 64 + (-19 - 14) - -12?
43
Calculate (1 + 1 - -74) + (0 - (-65 + 75)).
66
Evaluate (0 - 3) + -3 + 2 + -3 - (-37 + 25).
5
What is (-7 - 2) + 2 - (10 - (-21 - 14 - -34))?
-18
Calculate -204 + 206 + 1 + 1 + 2 + 27.
33
Calculate -69 + 7 + -3 - (56 - 79).
-42
(0 - 11) + 8442 + -8504
-73
Calculate -42 - (5 + -3 + -18 + 16 + (0 - 10)).
-32
(-2 - -48 - (21 + (-27 - 11))) + -21
42
Evaluate -62 - (0 + -15 - ((-3 - 14) + (-21 - -27))).
-58
-5 + -101 + 84 + (18 - -8) - (-1 + 99)
-94
Calculate 6 - -3 - (-2 + (-20 - 94) + -19).
144
What is 11 + 36 - 48 - -5?
4
What is 89 + -45 + 22 + (1 - (9 - 8) - 1)?
65
What is (-62 - -56) + -26 + -3 + -34?
-69
Calculate (-18 - -14 - -10) + -51.
-45
16 - (-38 + (39 - 44))
59
Evaluate -74 + 0 - (-18 - (-15 + 44 + -36)).
-63
What is the value of -38 - -161 - (-28 + 80)?
71
5 + -1 + 14 + (-32 - -18 - -17 - 123)
-102
What is 1672 + -1667 - (4 + (82 - 3) + 1)?
-79
Evaluate -2 + (-95 - -167) - 150.
-80
What is -85 + 9 + 70 - (31 + (1 - 2))?
-36
What is 36 - ((25 + -6 - 31) + -3)?
51
Calculate 59 - 47 - (6 - -28).
-22
(54 - (-54 + -41)) + -84
65
-37 + 12 + -11 + 2
-34
Evaluate 18 + -24 - 8 - (-58 - 18).
62
0 - -5 - (4 - (6 + (9 - 21)))
-5
What is the value of 9 + -9 - (-13 - -9 - -21)?
-17
What is -19 + (16 - 1) + 0 + -12 + 55?
39
Calculate -26 - (60 + (-50 - -21) + -4).
-53
What is the value of 23 - 0 - (-17 - (-16 - (-10 + 10)))?
24
What is 9 + 1 + (-180 - -167) + 4?
1
Calculate 18 + (-55 + 30 - -17) - -16.
26
Calculate -19 + (-20 - (50 + -60)).
-29
-3 - ((13 - 4) + -13 - -8) - -11
4
Calculate (1 - -68) + (-54 - 178) + 254.
91
Evaluate -55 + (2 - -6 - 3) + -123 + 133.
-40
Evaluate (125 - (208 - 20)) + 70.
7
Calculate (-2 - -9) + -7 + (-9 - -4 - 6).
-11
77 + -41 - (-19 + 13)
42
What is the value of (-23 - (19 + (16 - (30 - -24)))) + 27?
23
Evaluate -152 - (25 + (-65 - 161)).
49
What is the value of -2 + 5 - (16 + 84 + -13 + -33)?
-51
7 + 14 + -29 - -1
-7
What is the value of 19 - (-19 - ((4 - 18) + 12))?
36
13 + (108 - -22) - 73
70
What is (78 - 4) + 9 - 66?
17
Evaluate 18 + -25 + 15 - (-1 + -1 + -74).
84
(-36 - -4) + 11 - (51 + (-12 - 31))
-29
What is the value of -3 + (-35 - (8 - (14 + -8))) + (-57 - -58)?
-39
Calculate (-145 - 33 - -169) + (30 - 0 - 0).
21
-15 + 13 + -4 - (33 - (-22 - 1))
-62
Calculate -489 + 499 - (2 - (-1 - -2)).
9
What is 0 - (-19 + (8 - 0)) - (-44 - (12 - 10))?
57
Calculate 20 + -6 + (50 - 25) + -18 + 0.
21
Evaluate 7 - (-4 + -55 + 3 + 6) - -10.
67
What is 121 + 7 + -66 - 33?
29
Evaluate -9 + (0 - 1) - (26350 - 26376).
16
What is -44 + 24 + 44 + -26?
-2
What is 10 + 2 + -5 - 2 - (1 + -49 + 50)?
3
Evaluate (-28 + 13 - (29 - 36)) + (1 - 3).
-10
What is the value of 132 + -57 - (5 + 32)?
38
Evaluate 13 + (8 - 18) + 28 + -20 - (1 + -5).
15
What is 40 + (101 - 47) + -110?
-16
Calculate -172 + -91 + 225 + -46.
-84
-48 - (3 - (21 + 44))
14
What is -183 - (-51 + -14 + 44 + -9)?
-153
5 + 29 + 31 + 40 + -57
48
Calculate 3798 + -3779 + (-63 - -1).
-43
What is -18 + -122 + (10 - (1 + -15))?
-116
What is 37 - 52 - (5 + -19 - -42)?
-43
What is -214 - -159 - (-6 + 7 + -1 + -5 - -1)?
-51
What is (5 - -5) + (-397 - -373)?
-14
Calculate 26 - (108 + -119 + 19 + 2 + (-5 - -1)).
20
97 + (27 + -23 + -24 - -22)
99
What is 1 + (4 - (-7 + 14)) - (-22 - -18)?
2
Calculate -40 + 97 + -37 + 5 + (-4 - 90).
-69
0 - (36 - -50) - -39
-47
(97 - (111 + -75)) + -191
-130
Evaluate 106 - ((11 - (9 - 40)) + -12).
76
Evaluate -125 - (19 + -45 + -12) - 0.
-87
2 + 0 - -48 - (-15 + (8 - 30) + 44)
43
What is 175 + -113 + -55 + -9 + -1 - (-43 - 0)?
40
What is the value of (-68877 - -68874) + (55 - 1 - (0 + -1))?
52
Evaluate 25 + (-22 + 12 + 1 - 8) + -27.
-19
What is the value of -50 + (-108 + 36 - -99)?
-23
-3 + 37 + 1033 + -1055
12
10 - (10 + 6 + 2) - -31
23
What is (-89 - (-20 - 51)) + (5 - 49)?
-62
What is the value of -11 + -1 + (11 - 13) + (-11 - (-28 - -10))?
-7
What is (1021 - 1012) + 1 + -6 + (-1 - -72)?
75
Calculate -15 + (-8 - -2 - -8 - (188 + -187)).
-14
Evaluate -26 + (24 + 10 + -12 + -4 - 19).
-27
What is the value of 12 + (12 - 12 - 12) - 5 - -24?
19
What is -9 - (79 - (122 + 32))?
66
(35 - (47 - 40)) + -59
-31
What is (26 - 28 - 10) + (-35 - 1) + -2?
-50
Calculate -14 + 3 - (5 - 11) - (-107 + 125).
-23
Calculate -41 - -10 - -10 - (-10 - -1) - (-15 + -5).
8
What is the value of 5 + (-48 - -31) + 34 + -26?
-4
What is -53 - ((-22 - -31) + (6 - 11)) - (9 - 0)?
-66
What is 44 + -16 - (144 + (-107 - -71))?
-80
Calculate -1065 + 856 - (20 - 145).
-84
Calculate -76 + 41 + 1 + 0.
-34
What is 13 + -512 + 472 + (19 - 1) + -77?
-86
What is the value of 13 + (-11 - -2) + (47 - -4) + -4?
51
What is 207 - 216 - -2 - (48 + (2 - (2 + -1)))?
-56
Evaluate 14 - -12 - (41 + -80).
65
(-46 - 5) + -16 + (-1 - -15) + (-37 - -49)
-41
Calculate 22 + 4 + (-5 - 1) + 12 + -13.
19
What is 22 - 14 - (9 - -24)?
-25
Calculate 10 + -3 + (-23 - -4) - (1 + -8).
-5
What is the value of 14 + 107 + -73 + -161?
-113
What is ((4 - -77) + 15 + -13 - -14) + -13?
84
Calculate (-8 - 1 - -1) + -16 + -25.
-49
Calculate (24 + -46 - -76) + -36.
18
Calculate 14 + -21 + (-20 - -3) + 11 - 22.
-35
Calculate (-26 - (42 + -155)) + (-14 - 8) + -1.
64
What is (18 - (0 + -3)) + -847 + 829?
3
Evaluate 94 + 56 + (-173 - -58).
35
Calculate 71 - ((44 - -16) + 58).
-47
Calculate 53 + 15 + 8 - 60.
16
What is the value of (-173 - -62) + (52 - -4)?
-55
Evaluate 18 + (92 + -64 - 59).
-13
6 - (-2 - 41 - (-12 - (44 + -51)))
44
-141 + (27 - -159) - (-1 + 11)
35
Calculate 10 - ((39 - 0) + -19 - -1).
-11
Evaluate 7 - (-6 + 2 + -1 + (1448 - 1333)).
-103
What is the value of -47 + (-4 + 76 - 59)?
-34
Calculate -6 - ((-10 - -22) + -19).
1
-1 + -3 - -10 - (-10 + 23) - -3
-4
(-1 - (2 - -42)) + 64 + (-22 - (44 + -15))
-32
226 - (-242 + 484) - ((1 - 1) + -69)
53
What is 48 + -2 - (450 + -476)?
72
What is -20 + 2 + -231 + 10 + 140?
-99
What is 0 + -46 + 216 + -123 + -125?
-78
Evaluate 2 - 1 - (56 + 1 + -1628 + 1578).
-6
What is the value of -2 + (-7 - ((-23 + 14 - 36) + 10))?
26
Evaluate (-9 - 118) + (-1 - (-65 + 30)).
-93
Evaluate 1 + (-1 + -18 - (-260 - -241) 